{"id":4338,"date":"2025-04-15T08:00:03","date_gmt":"2025-04-15T06:00:03","guid":{"rendered":"https:\/\/muziejus.visitpasvalys.lt\/?post_type=parodos&#038;p=4338"},"modified":"2025-06-17T15:00:41","modified_gmt":"2025-06-17T13:00:41","slug":"grafikes-agnes-naunikaites-dekoruotu-keramikiniu-ir-porcelianiniu-leksciu-paroda-pazinti-issaugoti","status":"publish","type":"parodos","link":"https:\/\/muziejus.visitpasvalys.lt\/en\/parodos\/grafikes-agnes-naunikaites-dekoruotu-keramikiniu-ir-porcelianiniu-leksciu-paroda-pazinti-issaugoti\/","title":{"rendered":"Grafik\u0117s Agn\u0117s Naunikait\u0117s dekoruot\u0173 keramikini\u0173 ir porcelianini\u0173 l\u0117k\u0161\u010di\u0173 paroda \u201ePa\u017einti \u2013 i\u0161saugoti\u201c"},"content":{"rendered":"\n<p>Pasak kra\u0161tiet\u0117s Albinos Salad\u016bnait\u0117s \u201eAgn\u0117s darbai: kad ir kiek be\u017ei\u016br\u0117tum \u2013 negimsta tinkami \u017eod\u017eiai juos \u012fvardinti. Prad\u017eioje nustembi. L\u0117k\u0161t\u0117s l\u0117k\u0161tel\u0117s \u2013 baltos baltos. Gra\u017eumas. Harmonija. O paskui i\u0161si\u017eioji \u2013 jos \u0161vie\u010dia! Pilnos pauk\u0161\u010di\u0173 pauk\u0161teli\u0173, \u017ev\u0117ri\u0173 \u017ev\u0117reli\u0173, vabal\u0173 \u2013 lyg Antano Baranausko \u201eAnyk\u0161\u010di\u0173 \u0161ilely\u201c. O\u0161imas, \u010diulb\u0117jimas, gaudimas&#8230;\u201c<\/p>\n\n\n\n<p>Maloniai lauksime parodoje, kuri muziejuje veiks iki gegu\u017e\u0117s m\u0117n. pabaigos.<\/p>\n","protected":false},"excerpt":{"rendered":"<p>Pasak kra\u0161tiet\u0117s Albinos Salad\u016bnait\u0117s \u201eAgn\u0117s darbai: kad ir kiek be\u017ei\u016br\u0117tum \u2013 negimsta tinkami \u017eod\u017eiai juos \u012fvardinti. Prad\u017eioje nustembi. L\u0117k\u0161t\u0117s l\u0117k\u0161tel\u0117s \u2013 baltos baltos. Gra\u017eumas. Harmonija. O paskui i\u0161si\u017eioji \u2013 jos \u0161vie\u010dia! Pilnos pauk\u0161\u010di\u0173 pauk\u0161teli\u0173, \u017ev\u0117ri\u0173 \u017ev\u0117reli\u0173, vabal\u0173 \u2013 lyg Antano Baranausko \u201eAnyk\u0161\u010di\u0173 \u0161ilely\u201c. O\u0161imas, \u010diulb\u0117jimas, gaudimas&#8230;\u201c Maloniai lauksime parodoje, kuri muziejuje veiks iki gegu\u017e\u0117s m\u0117n. pabaigos.<\/p>\n","protected":false},"featured_media":4339,"template":"","meta":[],"parodos-kategorija":[32],"translation":{"provider":"WPGlobus","version":"2.10.8","language":"en","enabled_languages":["lt","en"],"languages":{"lt":{"title":true,"content":true,"excerpt":false},"en":{"title":false,"content":false,"excerpt":false}}},"_links":{"self":[{"href":"https:\/\/muziejus.visitpasvalys.lt\/en\/wp-json\/wp\/v2\/parodos\/4338"}],"collection":[{"href":"https:\/\/muziejus.visitpasvalys.lt\/en\/wp-json\/wp\/v2\/parodos"}],"about":[{"href":"https:\/\/muziejus.visitpasvalys.lt\/en\/wp-json\/wp\/v2\/types\/parodos"}],"version-history":[{"count":3,"href":"https:\/\/muziejus.visitpasvalys.lt\/en\/wp-json\/wp\/v2\/parodos\/4338\/revisions"}],"predecessor-version":[{"id":4354,"href":"https:\/\/muziejus.visitpasvalys.lt\/en\/wp-json\/wp\/v2\/parodos\/4338\/revisions\/4354"}],"wp:featuredmedia":[{"embeddable":true,"href":"https:\/\/muziejus.visitpasvalys.lt\/en\/wp-json\/wp\/v2\/media\/4339"}],"wp:attachment":[{"href":"https:\/\/muziejus.visitpasvalys.lt\/en\/wp-json\/wp\/v2\/media?parent=4338"}],"wp:term":[{"taxonomy":"parodos-kategorija","embeddable":true,"href":"https:\/\/muziejus.visitpasvalys.lt\/en\/wp-json\/wp\/v2\/parodos-kategorija?post=4338"}],"curies":[{"name":"wp","href":"https:\/\/api.w.org\/{rel}","templated":true}]}}

Grafikės Agnės Naunikaitės dekoruotų keramikinių ir porcelianinių lėkščių paroda „Pažinti – išsaugoti“

<p>Pasak kraštietės Albinos Saladūnaitės „Agnės darbai: kad ir kiek bežiūrėtum – negimsta tinkami žodžiai juos įvardinti. Pradžioje nustembi. Lėkštės lėkštelės – baltos baltos. Gražumas. Harmonija. O paskui išsižioji – jos šviečia! Pilnos paukščių paukštelių, žvėrių žvėrelių, vabalų – lyg Antano Baranausko „Anykščių šilely“. Ošimas, čiulbėjimas, gaudimas&#8230;“</p>



<p>Maloniai lauksime parodoje, kuri muziejuje veiks iki gegužės mėn. pabaigos.</p>

<p>Pasak kraštietės Albinos Saladūnaitės „Agnės darbai: kad ir kiek bežiūrėtum – negimsta tinkami žodžiai juos įvardinti. Pradžioje nustembi. Lėkštės lėkštelės – baltos baltos. Gražumas. Harmonija. O paskui išsižioji – jos šviečia! Pilnos paukščių paukštelių, žvėrių žvėrelių, vabalų – lyg Antano Baranausko „Anykščių šilely“. Ošimas, čiulbėjimas, gaudimas&#8230;“ Maloniai lauksime parodoje, kuri muziejuje veiks iki gegužės mėn. pabaigos.</p>
