{"id":4735,"date":"2025-09-02T14:12:36","date_gmt":"2025-09-02T12:12:36","guid":{"rendered":"https:\/\/muziejus.visitpasvalys.lt\/?post_type=naujienos&#038;p=4735"},"modified":"2025-09-02T21:31:19","modified_gmt":"2025-09-02T19:31:19","slug":"kvieciame-i-moksline-konferencija","status":"publish","type":"naujienos","link":"https:\/\/muziejus.visitpasvalys.lt\/en\/naujienos\/kvieciame-i-moksline-konferencija\/","title":{"rendered":"Mokslin\u0117 konferencija \u201e\u017dygimantas Augustas ir Pasvalys&#8221;"},"content":{"rendered":"\n<p>Maloniai kvie\u010diame \u012f mokslin\u0119 konferencij\u0105 \u201e\u017dygimantas Augustas ir Pasvalys\u201c, skirt\u0105 \u017dygimanto Augusto 505-osioms gimimo metin\u0117ms. Konferencija vyks rugs\u0117jo 18 d. (ketvirtadien\u012f), 12 val. Pasvalio kra\u0161to muziejuje. Maloniai laukiame!<\/p>\n\n\n\n<p>PRANE\u0160IMAI IR PRANE\u0160\u0116JAI:<\/p>\n\n\n\n<ul>\n<li><strong>\u017dYGIMANTO AUGUSTO ASMENYB\u0116 \/ <\/strong>Gintautas Stri\u0161ka, Valdov\u0173 r\u016bm\u0173 archeologijos ir architekt\u016bros tyrim\u0173 skyriaus ved\u0117jas, archeologas.<\/li>\n<\/ul>\n\n\n\n<ul>\n<li><strong>PASVALYS IR JO APYLINK\u0116S UPYT\u0116S PAVIETO TEISM\u0172<\/strong> <strong>KNYGOSE XVII A. PR. <\/strong>\/ dr. Darius Vilimas, Lietuvos istorijos instituto mokslo darbuotojas.<\/li>\n<\/ul>\n\n\n\n<ul>\n<li><strong>KASDIENIS PASVALIO GYVENIMAS \u017dYGIMANTO AUGUSTO VALDYMO METAIS (1544\u20131572) \/ <\/strong>Algimantas Krin\u010dius, Pasvalio kra\u0161to muziejaus kult\u016bros istorikas.<\/li>\n<\/ul>\n\n\n\n<ul>\n<li><strong>PASVALIO TAIKA 1557 M. \/ <\/strong>Gra\u017evydas Bal\u010di\u016bnaitis, Pasvalio kra\u0161to muziejaus kult\u016bros istorikas, Pasvalio rajono savivaldyb\u0117s paveldosaugininkas. <\/li>\n<\/ul>\n","protected":false},"excerpt":{"rendered":"<p>Maloniai kvie\u010diame \u012f mokslin\u0119 konferencij\u0105 \u201e\u017dygimantas Augustas ir Pasvalys\u201c, skirt\u0105 \u017dygimanto Augusto 505-osioms gimimo metin\u0117ms. Konferencija vyks rugs\u0117jo 18 d. (ketvirtadien\u012f), 12 val. Pasvalio kra\u0161to muziejuje. Maloniai laukiame! PRANE\u0160IMAI IR PRANE\u0160\u0116JAI:<\/p>\n","protected":false},"featured_media":4745,"template":"","meta":[],"naujienos-kategorija":[],"translation":{"provider":"WPGlobus","version":"2.10.8","language":"en","enabled_languages":["lt","en"],"languages":{"lt":{"title":true,"content":true,"excerpt":false},"en":{"title":false,"content":false,"excerpt":false}}},"_links":{"self":[{"href":"https:\/\/muziejus.visitpasvalys.lt\/en\/wp-json\/wp\/v2\/naujienos\/4735"}],"collection":[{"href":"https:\/\/muziejus.visitpasvalys.lt\/en\/wp-json\/wp\/v2\/naujienos"}],"about":[{"href":"https:\/\/muziejus.visitpasvalys.lt\/en\/wp-json\/wp\/v2\/types\/naujienos"}],"version-history":[{"count":5,"href":"https:\/\/muziejus.visitpasvalys.lt\/en\/wp-json\/wp\/v2\/naujienos\/4735\/revisions"}],"predecessor-version":[{"id":4748,"href":"https:\/\/muziejus.visitpasvalys.lt\/en\/wp-json\/wp\/v2\/naujienos\/4735\/revisions\/4748"}],"wp:featuredmedia":[{"embeddable":true,"href":"https:\/\/muziejus.visitpasvalys.lt\/en\/wp-json\/wp\/v2\/media\/4745"}],"wp:attachment":[{"href":"https:\/\/muziejus.visitpasvalys.lt\/en\/wp-json\/wp\/v2\/media?parent=4735"}],"wp:term":[{"taxonomy":"naujienos-kategorija","embeddable":true,"href":"https:\/\/muziejus.visitpasvalys.lt\/en\/wp-json\/wp\/v2\/naujienos-kategorija?post=4735"}],"curies":[{"name":"wp","href":"https:\/\/api.w.org\/{rel}","templated":true}]}}

Mokslinė konferencija „Žygimantas Augustas ir Pasvalys&#8221;

<p>Maloniai kviečiame į mokslinę konferenciją „Žygimantas Augustas ir Pasvalys“, skirtą Žygimanto Augusto 505-osioms gimimo metinėms. Konferencija vyks rugsėjo 18 d. (ketvirtadienį), 12 val. Pasvalio krašto muziejuje. Maloniai laukiame!</p>



<p>PRANEŠIMAI IR PRANEŠĖJAI:</p>



<ul>
<li><strong>ŽYGIMANTO AUGUSTO ASMENYBĖ / </strong>Gintautas Striška, Valdovų rūmų archeologijos ir architektūros tyrimų skyriaus vedėjas, archeologas.</li>
</ul>



<ul>
<li><strong>PASVALYS IR JO APYLINKĖS UPYTĖS PAVIETO TEISMŲ</strong> <strong>KNYGOSE XVII A. PR. </strong>/ dr. Darius Vilimas, Lietuvos istorijos instituto mokslo darbuotojas.</li>
</ul>



<ul>
<li><strong>KASDIENIS PASVALIO GYVENIMAS ŽYGIMANTO AUGUSTO VALDYMO METAIS (1544–1572) / </strong>Algimantas Krinčius, Pasvalio krašto muziejaus kultūros istorikas.</li>
</ul>



<ul>
<li><strong>PASVALIO TAIKA 1557 M. / </strong>Gražvydas Balčiūnaitis, Pasvalio krašto muziejaus kultūros istorikas, Pasvalio rajono savivaldybės paveldosaugininkas. </li>
</ul>

<p>Maloniai kviečiame į mokslinę konferenciją „Žygimantas Augustas ir Pasvalys“, skirtą Žygimanto Augusto 505-osioms gimimo metinėms. Konferencija vyks rugsėjo 18 d. (ketvirtadienį), 12 val. Pasvalio krašto muziejuje. Maloniai laukiame! PRANEŠIMAI IR PRANEŠĖJAI:</p>
