{"id":4439,"date":"2025-05-14T08:22:34","date_gmt":"2025-05-14T06:22:34","guid":{"rendered":"https:\/\/muziejus.visitpasvalys.lt\/?post_type=naujienos&#038;p=4439"},"modified":"2025-05-14T08:27:03","modified_gmt":"2025-05-14T06:27:03","slug":"barokas-ir-jo-atspindziai-pasvalio-kraste","status":"publish","type":"naujienos","link":"https:\/\/muziejus.visitpasvalys.lt\/en\/naujienos\/barokas-ir-jo-atspindziai-pasvalio-kraste\/","title":{"rendered":"Barokas ir jo atspind\u017eiai Pasvalio kra\u0161te"},"content":{"rendered":"\n<p><a href=\"https:\/\/www.facebook.com\/muziejukelias?__cft__%5b0%5d=AZUXz-vO9a5pHFnOBNMxAks6aiBadqqFIoOtqwBqW6ZegaWueOAwftLu1mKO2urGj88AUxL3x0MF2Ca_Qt2C1m3RDakvSJKomVC7FL02VMPMRIq2mhqk0Kmb1bTQAOkSEs0aaV_Bk7dhX99_-ovbdKrnbJaa-VOgouo5eeOJm1gfOZZFPmX7rN5cH8vJZmw8fbhZNgLFRxqsLVXepPe0RKuN&amp;__tn__=-%5dK-R\"><strong>Lietuvos muziej\u0173 kelias<\/strong><\/a> 2025 | \ud835\udc01\ud835\udc1a\ud835\udc2b\ud835\udc28\ud835\udc24\ud835\udc28 \ud835\udc33\u030c\ud835\udc1e\ud835\udc27\ud835\udc24\ud835\udc25\ud835\udc1a\ud835\udc22 \ud835\udc0b\ud835\udc22\ud835\udc1e\ud835\udc2d\ud835\udc2e\ud835\udc2f\ud835\udc28\ud835\udc23\ud835\udc1e<\/p>\n\n\n\n<p>Pasvalio kra\u0161to muziejus prisijungia prie <a href=\"https:\/\/www.facebook.com\/museums.lt?__cft__%5b0%5d=AZUXz-vO9a5pHFnOBNMxAks6aiBadqqFIoOtqwBqW6ZegaWueOAwftLu1mKO2urGj88AUxL3x0MF2Ca_Qt2C1m3RDakvSJKomVC7FL02VMPMRIq2mhqk0Kmb1bTQAOkSEs0aaV_Bk7dhX99_-ovbdKrnbJaa-VOgouo5eeOJm1gfOZZFPmX7rN5cH8vJZmw8fbhZNgLFRxqsLVXepPe0RKuN&amp;__tn__=-%5dK-R\"><strong>Lietuvos muziej\u0173 asociacija<\/strong><\/a> kult\u016bros paveldo sklaidos programos \u201eGimtoji Europa\u201c, kurios \u0161i\u0173 met\u0173 tema \u2013 \ud835\udc01\ud835\udc1a\ud835\udc2b\ud835\udc28\ud835\udc24\ud835\udc1a\ud835\udc2c.<\/p>\n\n\n\n<p>Kvie\u010diame bir\u017eelio 7 d. (\u0161e\u0161tadien\u012f), 13 val. \u012f paskait\u0105 \u201eBarokas Lietuvoje ir jo atspind\u017eiai Pasvalio kra\u0161te&#8221;.<\/p>\n\n\n\n<p>Prane\u0161\u0117jai:<\/p>\n\n\n\n<ul>\n<li>Kra\u0161tiet\u0117, meno ir ba\u017eny\u010dios istorik\u0117 dr. Irena Vai\u0161vilait\u0117.<\/li>\n<\/ul>\n\n\n\n<ul>\n<li>Pasvalio kra\u0161to muziejaus kult\u016bros istorikas Algimantas Kaminskas.<\/li>\n<\/ul>\n\n\n\n<p><\/p>\n\n\n\n<figure class=\"wp-block-image size-full\"><img decoding=\"async\" loading=\"lazy\" width=\"851\" height=\"315\" src=\"https:\/\/muziejus.visitpasvalys.lt\/wp-content\/uploads\/2025\/05\/LMK-2025-820-x-312-px-Facebook-Cover.png\" alt=\"\" class=\"wp-image-4437\" srcset=\"https:\/\/muziejus.visitpasvalys.lt\/wp-content\/uploads\/2025\/05\/LMK-2025-820-x-312-px-Facebook-Cover.png 851w, https:\/\/muziejus.visitpasvalys.lt\/wp-content\/uploads\/2025\/05\/LMK-2025-820-x-312-px-Facebook-Cover-768x284.png 768w\" sizes=\"(max-width: 851px) 100vw, 851px\" \/><\/figure>\n","protected":false},"excerpt":{"rendered":"<p>Lietuvos muziej\u0173 kelias 2025 | \ud835\udc01\ud835\udc1a\ud835\udc2b\ud835\udc28\ud835\udc24\ud835\udc28 \ud835\udc33\u030c\ud835\udc1e\ud835\udc27\ud835\udc24\ud835\udc25\ud835\udc1a\ud835\udc22 \ud835\udc0b\ud835\udc22\ud835\udc1e\ud835\udc2d\ud835\udc2e\ud835\udc2f\ud835\udc28\ud835\udc23\ud835\udc1e Pasvalio kra\u0161to muziejus prisijungia prie Lietuvos muziej\u0173 asociacija kult\u016bros paveldo sklaidos programos \u201eGimtoji Europa\u201c, kurios \u0161i\u0173 met\u0173 tema \u2013 \ud835\udc01\ud835\udc1a\ud835\udc2b\ud835\udc28\ud835\udc24\ud835\udc1a\ud835\udc2c. Kvie\u010diame bir\u017eelio 7 d. (\u0161e\u0161tadien\u012f), 13 val. \u012f paskait\u0105 \u201eBarokas Lietuvoje ir jo atspind\u017eiai Pasvalio kra\u0161te&#8221;. Prane\u0161\u0117jai:<\/p>\n","protected":false},"featured_media":4440,"template":"","meta":[],"naujienos-kategorija":[],"translation":{"provider":"WPGlobus","version":"2.10.8","language":"en","enabled_languages":["lt","en"],"languages":{"lt":{"title":true,"content":true,"excerpt":false},"en":{"title":false,"content":false,"excerpt":false}}},"_links":{"self":[{"href":"https:\/\/muziejus.visitpasvalys.lt\/en\/wp-json\/wp\/v2\/naujienos\/4439"}],"collection":[{"href":"https:\/\/muziejus.visitpasvalys.lt\/en\/wp-json\/wp\/v2\/naujienos"}],"about":[{"href":"https:\/\/muziejus.visitpasvalys.lt\/en\/wp-json\/wp\/v2\/types\/naujienos"}],"version-history":[{"count":1,"href":"https:\/\/muziejus.visitpasvalys.lt\/en\/wp-json\/wp\/v2\/naujienos\/4439\/revisions"}],"predecessor-version":[{"id":4441,"href":"https:\/\/muziejus.visitpasvalys.lt\/en\/wp-json\/wp\/v2\/naujienos\/4439\/revisions\/4441"}],"wp:featuredmedia":[{"embeddable":true,"href":"https:\/\/muziejus.visitpasvalys.lt\/en\/wp-json\/wp\/v2\/media\/4440"}],"wp:attachment":[{"href":"https:\/\/muziejus.visitpasvalys.lt\/en\/wp-json\/wp\/v2\/media?parent=4439"}],"wp:term":[{"taxonomy":"naujienos-kategorija","embeddable":true,"href":"https:\/\/muziejus.visitpasvalys.lt\/en\/wp-json\/wp\/v2\/naujienos-kategorija?post=4439"}],"curies":[{"name":"wp","href":"https:\/\/api.w.org\/{rel}","templated":true}]}}

Barokas ir jo atspindžiai Pasvalio krašte

<p><a href="https://www.facebook.com/muziejukelias?__cft__%5b0%5d=AZUXz-vO9a5pHFnOBNMxAks6aiBadqqFIoOtqwBqW6ZegaWueOAwftLu1mKO2urGj88AUxL3x0MF2Ca_Qt2C1m3RDakvSJKomVC7FL02VMPMRIq2mhqk0Kmb1bTQAOkSEs0aaV_Bk7dhX99_-ovbdKrnbJaa-VOgouo5eeOJm1gfOZZFPmX7rN5cH8vJZmw8fbhZNgLFRxqsLVXepPe0RKuN&amp;__tn__=-%5dK-R"><strong>Lietuvos muziejų kelias</strong></a> 2025 | 𝐁𝐚𝐫𝐨𝐤𝐨 𝐳̌𝐞𝐧𝐤𝐥𝐚𝐢 𝐋𝐢𝐞𝐭𝐮𝐯𝐨𝐣𝐞</p>



<p>Pasvalio krašto muziejus prisijungia prie <a href="https://www.facebook.com/museums.lt?__cft__%5b0%5d=AZUXz-vO9a5pHFnOBNMxAks6aiBadqqFIoOtqwBqW6ZegaWueOAwftLu1mKO2urGj88AUxL3x0MF2Ca_Qt2C1m3RDakvSJKomVC7FL02VMPMRIq2mhqk0Kmb1bTQAOkSEs0aaV_Bk7dhX99_-ovbdKrnbJaa-VOgouo5eeOJm1gfOZZFPmX7rN5cH8vJZmw8fbhZNgLFRxqsLVXepPe0RKuN&amp;__tn__=-%5dK-R"><strong>Lietuvos muziejų asociacija</strong></a> kultūros paveldo sklaidos programos „Gimtoji Europa“, kurios šių metų tema – 𝐁𝐚𝐫𝐨𝐤𝐚𝐬.</p>



<p>Kviečiame birželio 7 d. (šeštadienį), 13 val. į paskaitą „Barokas Lietuvoje ir jo atspindžiai Pasvalio krašte&#8221;.</p>



<p>Pranešėjai:</p>



<ul>
<li>Kraštietė, meno ir bažnyčios istorikė dr. Irena Vaišvilaitė.</li>
</ul>



<ul>
<li>Pasvalio krašto muziejaus kultūros istorikas Algimantas Kaminskas.</li>
</ul>



<p></p>



<figure class="wp-block-image size-full"><img decoding="async" loading="lazy" width="851" height="315" src="https://muziejus.visitpasvalys.lt/wp-content/uploads/2025/05/LMK-2025-820-x-312-px-Facebook-Cover.png" alt="" class="wp-image-4437" srcset="https://muziejus.visitpasvalys.lt/wp-content/uploads/2025/05/LMK-2025-820-x-312-px-Facebook-Cover.png 851w, https://muziejus.visitpasvalys.lt/wp-content/uploads/2025/05/LMK-2025-820-x-312-px-Facebook-Cover-768x284.png 768w" sizes="(max-width: 851px) 100vw, 851px" /></figure>

<p>Lietuvos muziejų kelias 2025 | 𝐁𝐚𝐫𝐨𝐤𝐨 𝐳̌𝐞𝐧𝐤𝐥𝐚𝐢 𝐋𝐢𝐞𝐭𝐮𝐯𝐨𝐣𝐞 Pasvalio krašto muziejus prisijungia prie Lietuvos muziejų asociacija kultūros paveldo sklaidos programos „Gimtoji Europa“, kurios šių metų tema – 𝐁𝐚𝐫𝐨𝐤𝐚𝐬. Kviečiame birželio 7 d. (šeštadienį), 13 val. į paskaitą „Barokas Lietuvoje ir jo atspindžiai Pasvalio krašte&#8221;. Pranešėjai:</p>
