{"id":3330,"date":"2024-09-12T10:03:25","date_gmt":"2024-09-12T08:03:25","guid":{"rendered":"https:\/\/muziejus.visitpasvalys.lt\/?post_type=naujienos&#038;p=3330"},"modified":"2024-09-13T12:27:58","modified_gmt":"2024-09-13T10:27:58","slug":"kvieciame-aplankyti-muziejuje-veikiancias-parodas","status":"publish","type":"naujienos","link":"https:\/\/muziejus.visitpasvalys.lt\/en\/naujienos\/kvieciame-aplankyti-muziejuje-veikiancias-parodas\/","title":{"rendered":"Kvie\u010diame aplankyti muziejuje veikian\u010dias parodas"},"content":{"rendered":"\n<p>Kra\u0161tie\u010dio Virginijaus Nudo (1937\u20132023) tapybos darb\u0173 paroda, skirta autoriaus pirmosioms mirimo metin\u0117ms. &nbsp;<\/p>\n\n\n\n<p>Pasvalio rajono dail\u0117s ir fotografijos mokytoj\u0173 k\u016brybos darb\u0173 paroda. Muziejaus erdves puo\u0161ia karpiniai, tapybos, tekstil\u0117s, keramikos ir fotografijos darbai.<\/p>\n\n\n\n<p>Kra\u0161tie\u010dio b\u0117giko Broniaus Saulio (1951\u20132022) sukauptos kolekcijos \u201eGyvenimas kelyje\u201c paroda, skirta Baltijos kelio 35-me\u010diui.<\/p>\n\n\n\n<p><\/p>\n\n\n\n<figure class=\"is-layout-flex wp-block-gallery-1 wp-block-gallery has-nested-images columns-default is-cropped\"><\/figure>\n\n\n\n<figure class=\"is-layout-flex wp-block-gallery-3 wp-block-gallery has-nested-images columns-default is-cropped\">\n<figure class=\"wp-block-image size-large\"><img decoding=\"async\" loading=\"lazy\" width=\"1414\" height=\"2000\" data-id=\"3337\"  src=\"https:\/\/muziejus.visitpasvalys.lt\/wp-content\/uploads\/2024\/09\/459541901_1010853010838104_467584525091868259_n.jpg\" alt=\"\" class=\"wp-image-3337\" srcset=\"https:\/\/muziejus.visitpasvalys.lt\/wp-content\/uploads\/2024\/09\/459541901_1010853010838104_467584525091868259_n.jpg 1414w, https:\/\/muziejus.visitpasvalys.lt\/wp-content\/uploads\/2024\/09\/459541901_1010853010838104_467584525091868259_n-724x1024.jpg 724w, https:\/\/muziejus.visitpasvalys.lt\/wp-content\/uploads\/2024\/09\/459541901_1010853010838104_467584525091868259_n-768x1086.jpg 768w, https:\/\/muziejus.visitpasvalys.lt\/wp-content\/uploads\/2024\/09\/459541901_1010853010838104_467584525091868259_n-1086x1536.jpg 1086w\" sizes=\"(max-width: 1414px) 100vw, 1414px\" \/><\/figure>\n\n\n\n<figure class=\"wp-block-image size-large\"><img decoding=\"async\" loading=\"lazy\" width=\"1810\" height=\"2560\" data-id=\"3331\"  src=\"https:\/\/muziejus.visitpasvalys.lt\/wp-content\/uploads\/2024\/09\/baltijos-kelias-24-trinti-vyksta-1810x2560.jpg\" alt=\"\" class=\"wp-image-3331\" srcset=\"https:\/\/muziejus.visitpasvalys.lt\/wp-content\/uploads\/2024\/09\/baltijos-kelias-24-trinti-vyksta-scaled.jpg 1810w, https:\/\/muziejus.visitpasvalys.lt\/wp-content\/uploads\/2024\/09\/baltijos-kelias-24-trinti-vyksta-724x1024.jpg 724w, https:\/\/muziejus.visitpasvalys.lt\/wp-content\/uploads\/2024\/09\/baltijos-kelias-24-trinti-vyksta-768x1086.jpg 768w, https:\/\/muziejus.visitpasvalys.lt\/wp-content\/uploads\/2024\/09\/baltijos-kelias-24-trinti-vyksta-1086x1536.jpg 1086w, https:\/\/muziejus.visitpasvalys.lt\/wp-content\/uploads\/2024\/09\/baltijos-kelias-24-trinti-vyksta-1448x2048.jpg 1448w\" sizes=\"(max-width: 1810px) 100vw, 1810px\" \/><\/figure>\n\n\n\n<figure class=\"wp-block-image size-large\"><img decoding=\"async\" loading=\"lazy\" width=\"1530\" height=\"2040\" data-id=\"3318\"  src=\"https:\/\/muziejus.visitpasvalys.lt\/wp-content\/uploads\/2024\/09\/mokytoju-poaroda.jpg\" alt=\"\" class=\"wp-image-3318\" srcset=\"https:\/\/muziejus.visitpasvalys.lt\/wp-content\/uploads\/2024\/09\/mokytoju-poaroda.jpg 1530w, https:\/\/muziejus.visitpasvalys.lt\/wp-content\/uploads\/2024\/09\/mokytoju-poaroda-768x1024.jpg 768w, https:\/\/muziejus.visitpasvalys.lt\/wp-content\/uploads\/2024\/09\/mokytoju-poaroda-1152x1536.jpg 1152w\" sizes=\"(max-width: 1530px) 100vw, 1530px\" \/><\/figure>\n<\/figure>\n","protected":false},"excerpt":{"rendered":"<p>Kra\u0161tie\u010dio Virginijaus Nudo (1937\u20132023) tapybos darb\u0173 paroda, skirta autoriaus pirmosioms mirimo metin\u0117ms. &nbsp; Pasvalio rajono dail\u0117s ir fotografijos mokytoj\u0173 k\u016brybos darb\u0173 paroda. Muziejaus erdves puo\u0161ia karpiniai, tapybos, tekstil\u0117s, keramikos ir fotografijos darbai. Kra\u0161tie\u010dio b\u0117giko Broniaus Saulio (1951\u20132022) sukauptos kolekcijos \u201eGyvenimas kelyje\u201c paroda, skirta Baltijos kelio 35-me\u010diui.<\/p>\n","protected":false},"featured_media":3310,"template":"","meta":[],"naujienos-kategorija":[],"translation":{"provider":"WPGlobus","version":"2.10.8","language":"en","enabled_languages":["lt","en"],"languages":{"lt":{"title":true,"content":true,"excerpt":false},"en":{"title":false,"content":false,"excerpt":false}}},"_links":{"self":[{"href":"https:\/\/muziejus.visitpasvalys.lt\/en\/wp-json\/wp\/v2\/naujienos\/3330"}],"collection":[{"href":"https:\/\/muziejus.visitpasvalys.lt\/en\/wp-json\/wp\/v2\/naujienos"}],"about":[{"href":"https:\/\/muziejus.visitpasvalys.lt\/en\/wp-json\/wp\/v2\/types\/naujienos"}],"version-history":[{"count":3,"href":"https:\/\/muziejus.visitpasvalys.lt\/en\/wp-json\/wp\/v2\/naujienos\/3330\/revisions"}],"predecessor-version":[{"id":3338,"href":"https:\/\/muziejus.visitpasvalys.lt\/en\/wp-json\/wp\/v2\/naujienos\/3330\/revisions\/3338"}],"wp:featuredmedia":[{"embeddable":true,"href":"https:\/\/muziejus.visitpasvalys.lt\/en\/wp-json\/wp\/v2\/media\/3310"}],"wp:attachment":[{"href":"https:\/\/muziejus.visitpasvalys.lt\/en\/wp-json\/wp\/v2\/media?parent=3330"}],"wp:term":[{"taxonomy":"naujienos-kategorija","embeddable":true,"href":"https:\/\/muziejus.visitpasvalys.lt\/en\/wp-json\/wp\/v2\/naujienos-kategorija?post=3330"}],"curies":[{"name":"wp","href":"https:\/\/api.w.org\/{rel}","templated":true}]}}

Kviečiame aplankyti muziejuje veikiančias parodas

<p>Kraštiečio Virginijaus Nudo (1937–2023) tapybos darbų paroda, skirta autoriaus pirmosioms mirimo metinėms. &nbsp;</p>



<p>Pasvalio rajono dailės ir fotografijos mokytojų kūrybos darbų paroda. Muziejaus erdves puošia karpiniai, tapybos, tekstilės, keramikos ir fotografijos darbai.</p>



<p>Kraštiečio bėgiko Broniaus Saulio (1951–2022) sukauptos kolekcijos „Gyvenimas kelyje“ paroda, skirta Baltijos kelio 35-mečiui.</p>



<p></p>



<figure class="is-layout-flex wp-block-gallery-1 wp-block-gallery has-nested-images columns-default is-cropped"></figure>



<figure class="is-layout-flex wp-block-gallery-3 wp-block-gallery has-nested-images columns-default is-cropped">
<figure class="wp-block-image size-large"><img decoding="async" loading="lazy" width="1414" height="2000" data-id="3337"  src="https://muziejus.visitpasvalys.lt/wp-content/uploads/2024/09/459541901_1010853010838104_467584525091868259_n.jpg" alt="" class="wp-image-3337" srcset="https://muziejus.visitpasvalys.lt/wp-content/uploads/2024/09/459541901_1010853010838104_467584525091868259_n.jpg 1414w, https://muziejus.visitpasvalys.lt/wp-content/uploads/2024/09/459541901_1010853010838104_467584525091868259_n-724x1024.jpg 724w, https://muziejus.visitpasvalys.lt/wp-content/uploads/2024/09/459541901_1010853010838104_467584525091868259_n-768x1086.jpg 768w, https://muziejus.visitpasvalys.lt/wp-content/uploads/2024/09/459541901_1010853010838104_467584525091868259_n-1086x1536.jpg 1086w" sizes="(max-width: 1414px) 100vw, 1414px" /></figure>



<figure class="wp-block-image size-large"><img decoding="async" loading="lazy" width="1810" height="2560" data-id="3331"  src="https://muziejus.visitpasvalys.lt/wp-content/uploads/2024/09/baltijos-kelias-24-trinti-vyksta-1810x2560.jpg" alt="" class="wp-image-3331" srcset="https://muziejus.visitpasvalys.lt/wp-content/uploads/2024/09/baltijos-kelias-24-trinti-vyksta-scaled.jpg 1810w, https://muziejus.visitpasvalys.lt/wp-content/uploads/2024/09/baltijos-kelias-24-trinti-vyksta-724x1024.jpg 724w, https://muziejus.visitpasvalys.lt/wp-content/uploads/2024/09/baltijos-kelias-24-trinti-vyksta-768x1086.jpg 768w, https://muziejus.visitpasvalys.lt/wp-content/uploads/2024/09/baltijos-kelias-24-trinti-vyksta-1086x1536.jpg 1086w, https://muziejus.visitpasvalys.lt/wp-content/uploads/2024/09/baltijos-kelias-24-trinti-vyksta-1448x2048.jpg 1448w" sizes="(max-width: 1810px) 100vw, 1810px" /></figure>



<figure class="wp-block-image size-large"><img decoding="async" loading="lazy" width="1530" height="2040" data-id="3318"  src="https://muziejus.visitpasvalys.lt/wp-content/uploads/2024/09/mokytoju-poaroda.jpg" alt="" class="wp-image-3318" srcset="https://muziejus.visitpasvalys.lt/wp-content/uploads/2024/09/mokytoju-poaroda.jpg 1530w, https://muziejus.visitpasvalys.lt/wp-content/uploads/2024/09/mokytoju-poaroda-768x1024.jpg 768w, https://muziejus.visitpasvalys.lt/wp-content/uploads/2024/09/mokytoju-poaroda-1152x1536.jpg 1152w" sizes="(max-width: 1530px) 100vw, 1530px" /></figure>
</figure>

<p>Kraštiečio Virginijaus Nudo (1937–2023) tapybos darbų paroda, skirta autoriaus pirmosioms mirimo metinėms. &nbsp; Pasvalio rajono dailės ir fotografijos mokytojų kūrybos darbų paroda. Muziejaus erdves puošia karpiniai, tapybos, tekstilės, keramikos ir fotografijos darbai. Kraštiečio bėgiko Broniaus Saulio (1951–2022) sukauptos kolekcijos „Gyvenimas kelyje“ paroda, skirta Baltijos kelio 35-mečiui.</p>
